 What is the greatest common divisor of 36 and p?
9
Suppose -7920 = 8*v + 12*v. Let l = -292 - v. Calculate the greatest common divisor of 26 and l.
26
Let x = 10453 - 10438. Suppose 33 = -2*k - 7. Let b be (-378)/12*k/6. What is the greatest common factor of b and x?
15
Let z = -734 - -267. Suppose 0*a - 2027 = -3*u + 4*a, -2*a + 2033 = 3*u. Let m = z + u. Calculate the greatest common factor of 30 and m.
30
Let r = 1245 + 4131. What is the highest common divisor of 84 and r?
84
Suppose 162*d - 111384 = 36*d. What is the greatest common divisor of 624 and d?
52
Let c = 8611 + -8314. Calculate the highest common divisor of c and 187.
11
Suppose -3*w - 2*l = 291 - 1538, 3*w - 3*l - 1227 = 0. What is the greatest common factor of 118 and w?
59
Let y be ((-28)/(-6))/(4/18). Let v(t) = 1992*t + 7974. Let c be v(-4). What is the greatest common divisor of y and c?
3
Suppose -4*c - 3*c = -1386. Suppose -12*o - c = -30*o. Suppose -3*f = -f, 5*f + 55 = 5*w. What is the greatest common factor of w and o?
11
Suppose 4*z + z = 35. Suppose -4*a - 10 = -262. Let j be 80/(-15)*a/(-12)*1. Calculate the greatest common factor of z and j.
7
Let j(v) = -v**3 + 28*v**2 + 3. Let m be j(28). Suppose 2*i - 3*l = 239, 3*l - 321 = m*i - 6*i. Calculate the greatest common factor of 168 and i.
56
Let v(i) = -6*i**3 - 70*i**2 - 5*i + 48. Let m be v(-12). What is the highest common factor of m and 144?
36
Let t be ((-8)/(-10))/((-18)/(-1440)). Let n(x) = 65*x + 54. Let o be n(10). Calculate the greatest common divisor of t and o.
64
Suppose 2*o = 4*u - 12202, 97*o + 6098 = 2*u + 99*o. Calculate the highest common factor of 550 and u.
50
Let i be -6*7/105*-30. Suppose -i*s + 15 = -93. Calculate the greatest common factor of s and 9.
9
Suppose -3*p - 30 = -42. Suppose 6312 = 5*s - p*d, -4*s - 904 = -5*d - 5950. Calculate the highest common factor of s and 79.
79
Let m = -161 + 428. Suppose 4*n + w = -0*n + 501, m = 2*n - 5*w. Calculate the greatest common factor of n and 54.
18
Let g = -323 + 395. Suppose -g = -6*q + 30. Calculate the greatest common factor of 459 and q.
17
Let h be 1*(-8)/(32/(-2220)). Suppose 19*f = 14*f + h. Let r be -8*f/(-6) + -5. Calculate the highest common divisor of 13 and r.
13
Let u be (-210)/50 - (-1)/5. Let o be -5 - (1 - -147)/u. Calculate the highest common divisor of o and 12.
4
Let o = 54 - 19. Let s = o + -10. Let p = 2580 - 2530. Calculate the highest common divisor of p and s.
25
Let a(f) = 198*f**2 - 8*f - 14. Let r be a(-3). Suppose 27*z = -5*z + r. What is the greatest common factor of z and 28?
28
Suppose -4*d = -5*d + 19. Suppose z + d = 1. Let y be (-2 - 20)*z/12. What is the highest common factor of y and 22?
11
Let j be ((-10)/(-75)*20)/(4/228). What is the highest common divisor of 1311 and j?
19
Let d(z) = -2*z**2 - 107*z - 7. Let o be d(-53). What is the highest common factor of o and 2?
2
Suppose 18*x + 2*x = 1300. Suppose -5*s = w - 51, 8 = w - 3*s - 3. Calculate the highest common factor of w and x.
13
Suppose -6*u = -0*u - 144. Let b be (-2)/(-2) + -5 + -365. Let x = -201 - b. What is the greatest common factor of u and x?
24
Let m(q) = -10*q**3 - 8*q**2 + 11*q + 22. Let z be m(-5). Calculate the highest common divisor of 9 and z.
9
Suppose -317*s = -313*s + 48. Let n be (-614)/(-8) - (-9)/s. Let t = 27 - -30. What is the highest common factor of t and n?
19
Suppose 215 = 3*m - 8*y, 3 + 25 = -4*y. Calculate the greatest common divisor of m and 16271.
53
Let d be (-4)/(((-6)/9)/((-103)/(-3))). Let y = -82 + d. Let t = y + -92. Calculate the greatest common factor of 2 and t.
2
Let z(y) be the second derivative of -y**5/20 - 25*y**4/12 - 4*y**3 + 12*y**2 + 34*y. Let u be z(-24). Calculate the greatest common factor of u and 4.
4
Let s = -652 + 667. Calculate the greatest common divisor of s and 7275.
15
Suppose 0 = 5*i - 25*i + 80. Suppose -112 = -q - i*r, -2*q + 2*r - 116 = -3*q. Calculate the greatest common divisor of q and 24.
24
Let o = -2906 - -2975. Calculate the highest common factor of o and 1725.
69
Let l be 2/(-8) + (-21903)/196. Let g be 266*(1 + -1 - 96/l). What is the greatest common factor of g and 171?
57
Let w = -153 - -270. Suppose 0 = l - 3*s - 0 - w, 3*l - 361 = -s. Suppose l = -14*o + 19*o. What is the highest common factor of o and 36?
12
Suppose 0 = -n + m + 13, -m + 87 = -525*n + 529*n. Let w(h) = -h**3 - h + 380. Let u be w(0). What is the highest common factor of n and u?
20
Suppose -312 = 4*r - 9216. What is the highest common divisor of r and 42?
42
Let s(k) = 7*k**3 - 9*k**2 + 23*k - 1. Let y be s(5). Let l = y + -395. Calculate the greatest common divisor of l and 82.
41
Let l(r) = r**3 + 19*r**2 + 18*r + 5. Let v be l(-18). Suppose -13 = -6*i + v. Let c = 16 + i. What is the highest common divisor of c and 57?
19
Suppose 0 = 60*u - 65*u. Suppose u = o - 2 - 21. Calculate the greatest common divisor of 552 and o.
23
Suppose 4*j - 36 - 64 = 0. Suppose 19*n - 15*n = 2*h - 466, -5*h - 5*n + 1105 = 0. Calculate the greatest common factor of j and h.
25
Let a(l) = -21*l - 15*l + 19 - l**3 + 10*l**2 + 15*l. Let w be a(8). Let q be 3 - (-208)/7 - 6/w. What is the highest common divisor of 11 and q?
11
Let k be 89*(1 - 0) - (22 + -21). Let w = k - 35. Suppose -w - 367 = -5*i. What is the highest common divisor of i and 12?
12
Suppose 127 = 25*y + 2. Let b be (18/(-15))/((-2)/10). Let p = 11 - b. What is the highest common divisor of y and p?
5
Suppose 2*x + 0*y + 4*y - 1092 = 0, -4*x + 2208 = -4*y. Let z = x - 415. What is the highest common divisor of 54 and z?
27
Let o be 1035/(-27)*(-36)/20. Suppose 3*u = 4*u - o. What is the greatest common factor of 92 and u?
23
Let f = 113 - 104. Let v(z) = 2*z**2 - 18*z + 23. Let w be v(f). Calculate the greatest common factor of w and 391.
23
Let i = 2521 + -1918. What is the greatest common divisor of 335 and i?
67
Let f be ((-25)/(-5) - (-408)/(-16))*-60. What is the greatest common divisor of f and 3198?
246
Let q(x) = -391*x - 27. Let p be q(-14). Suppose 15*b - p = -287. Suppose -86 = -v - v + a, 0 = 3*a. What is the highest common factor of v and b?
43
Let w(v) = 28*v - 34. Let t be w(4). Suppose -t*z = -76*z - 42. Calculate the highest common factor of 84 and z.
21
Let u = 8109 + -7971. What is the highest common divisor of 30 and u?
6
Let p(c) = c**2 - 4*c - 17. Suppose 0 = 3*q + 7 + 2, 17 = 2*m - q. Let h be p(m). Let d = 491 + -481. Calculate the highest common divisor of d and h.
2
Let h be (-2)/(5*(-18)/135). Suppose -3*t - h*z + 396 = 0, z - 676 = 30*t - 35*t. What is the highest common divisor of t and 204?
68
Let q be (-1 + 49)*(-129)/(-387). What is the greatest common factor of q and 50656?
16
Let q = 7062 + -5960. What is the highest common factor of 304 and q?
38
Suppose 25 = -5*q, 2*z + 5*q = 4*z - 2407. Suppose -z = -8*j + 1185. Let g = j - 154. Calculate the greatest common factor of g and 13.
13
Suppose 12*c - 24 = 4*c. Let g be c/(15/10) + 465 + 8. What is the highest common factor of g and 19?
19
Let r = -22 + 470. Calculate the greatest common factor of r and 196.
28
Let u(q) = -q**2. Let k(w) = 6*w**2 + 38*w + 136. Let f(h) = -k(h) - 5*u(h). Let z be f(-32). What is the greatest common divisor of z and 8?
8
Let c(p) = -p**2 - 31*p + 5. Let s be c(-31). Suppose -s*b + 2449 = -5*h + 324, b - 413 = -5*h. What is the greatest common factor of 47 and b?
47
Suppose 0 = -14*z + 12*z + 4*t + 76, -2*z + t + 82 = 0. Suppose -z = -c - 21. Let s be 3*(-3)/(-9)*3. Calculate the greatest common divisor of s and c.
3
Suppose -613 = -3*i - 4*p, 0 = 5*i + 5*p + 1438 - 2473. Calculate the greatest common factor of i and 160.
5
Let a(f) = 22*f - 16 + 21*f + 10*f + 15*f. Let j be a(2). Suppose -p = -7*p + j. Calculate the highest common factor of 5 and p.
5
Let q = 437 + -410. Suppose 4*r = -3*d + 71, -d + 5*r = 7*r - q. What is the greatest common divisor of d and 544?
17
Let j(n) = 7*n**2 + 133*n + 520. Let z be j(-4). Calculate the highest common factor of 200 and z.
100
Let f(w) = -42*w - 3983. Let u be f(-102). Calculate the highest common factor of u and 21.
7
Suppose 129 = -6*x + 243. Let m(j) = -j - 12. Let w be m(8). Let a be (-20)/(-8)*(-1368)/w. Calculate the highest common divisor of a and x.
19
Let x be -9 + 14 - (3 - -637). Let r be 76